 digit of 24903935?
9
What is the hundreds digit of 983295?
2
What is the units digit of 212678?
8
What is the millions digit of 3427022?
3
What is the ten thousands digit of 193332?
9
What is the hundred thousands digit of 862936?
8
What is the hundreds digit of 468603?
6
What is the tens digit of 606276?
7
What is the hundreds digit of 22629396?
3
What is the ten thousands digit of 401528?
0
What is the millions digit of 1221429?
1
What is the hundreds digit of 25364007?
0
What is the tens digit of 330894?
9
What is the hundred thousands digit of 229839?
2
What is the ten thousands digit of 2197467?
9
What is the tens digit of 352656?
5
What is the thousands digit of 30989?
0
What is the tens digit of 66577?
7
What is the hundred thousands digit of 878107?
8
What is the hundreds digit of 123659?
6
What is the thousands digit of 3404558?
4
What is the units digit of 1192279?
9
What is the thousands digit of 2112030?
2
What is the hundreds digit of 319534?
5
What is the hundreds digit of 6715910?
9
What is the units digit of 7889253?
3
What is the units digit of 8331523?
3
What is the ten millions digit of 14709792?
1
What is the hundreds digit of 134872?
8
What is the tens digit of 1082973?
7
What is the hundreds digit of 94349?
3
What is the ten thousands digit of 154372?
5
What is the units digit of 10271961?
1
What is the units digit of 9261319?
9
What is the millions digit of 2445132?
2
What is the units digit of 292812?
2
What is the thousands digit of 1349279?
9
What is the ten millions digit of 10018718?
1
What is the hundreds digit of 163707?
7
What is the units digit of 3950699?
9
What is the hundreds digit of 266688?
6
What is the thousands digit of 139514?
9
What is the hundred thousands digit of 5885962?
8
What is the hundred thousands digit of 6883943?
8
What is the thousands digit of 3023085?
3
What is the millions digit of 26523601?
6
What is the hundred thousands digit of 4702937?
7
What is the tens digit of 678849?
4
What is the units digit of 1154899?
9
What is the ten thousands digit of 12346700?
4
What is the units digit of 563741?
1
What is the hundred thousands digit of 1745346?
7
What is the thousands digit of 18525?
8
What is the ten thousands digit of 358804?
5
What is the thousands digit of 2397452?
7
What is the thousands digit of 12969?
2
What is the units digit of 693488?
8
What is the thousands digit of 12947064?
7
What is the hundred thousands digit of 15937978?
9
What is the units digit of 155347?
7
What is the millions digit of 7004332?
7
What is the units digit of 18553792?
2
What is the thousands digit of 143313?
3
What is the tens digit of 464423?
2
What is the millions digit of 14587465?
4
What is the tens digit of 1062908?
0
What is the ten thousands digit of 2007133?
0
What is the hundreds digit of 540751?
7
What is the hundred thousands digit of 1048482?
0
What is the thousands digit of 5868857?
8
What is the thousands digit of 867686?
7
What is the hundred thousands digit of 596147?
5
What is the units digit of 12916574?
4
What is the thousands digit of 92600?
2
What is the ten thousands digit of 4926429?
2
What is the ten thousands digit of 78409?
7
What is the thousands digit of 1272090?
2
What is the tens digit of 7238656?
5
What is the hundred thousands digit of 44722586?
7
What is the ten thousands digit of 296547?
9
What is the millions digit of 3530078?
3
What is the hundreds digit of 45097?
0
What is the millions digit of 5294887?
5
What is the tens digit of 458690?
9
What is the units digit of 3446319?
9
What is the hundred thousands digit of 13373927?
3
What is the hundreds digit of 554573?
5
What is the thousands digit of 469137?
9
What is the thousands digit of 3619715?
9
What is the tens digit of 27283596?
9
What is the thousands digit of 2648194?
8
What is the ten thousands digit of 592433?
9
What is the hundred thousands digit of 1100776?
1
What is the units digit of 71579?
9
What is the thousands digit of 1679143?
9
What is the ten thousands digit of 3160765?
6
What is the thousands digit of 325156?
5
What is the units digit of 309742?
2
What is the hundred thousands digit of 1869793?
8
What is the ten thousands digit of 271611?
7
What is the thousands digit of 8116293?
6
What is the units digit of 2218231?
1
What is the tens digit of 622601?
0
What is the hundreds digit of 223357?
3
What is the millions digit of 1080495?
1
What is the tens digit of 2479177?
7
What is the tens digit of 752967?
6
What is the hundreds digit of 9159335?
3
What is the hundred thousands digit of 3072862?
0
What is the units digit of 4783806?
6
What is the hundred thousands digit of 4881111?
8
What is the ten thousands digit of 1065240?
6
What is the ten thousands digit of 4227552?
2
What is the units digit of 10719405?
5
What is the thousands digit of 191682?
1
What is the tens digit of 192380?
8
What is the units digit of 466311?
1
What is the thousands digit of 512958?
2
What is the hundreds digit of 113688?
6
What is the thousands digit of 65275?
5
What is the tens digit of 1122966?
6
What is the hundreds digit of 402641?
6
What is the ten thousands digit of 697238?
9
What is the thousands digit of 511849?
1
What is the hundreds digit of 328244?
2
What is the hundreds digit of 22981713?
7
What is the units digit of 320069?
9
What is the hundreds digit of 1846046?
0
What is the hundreds digit of 1526889?
8
What is the tens digit of 149663?
6
What is the tens digit of 351546?
4
What is the hundreds digit of 412172?
1
What is the ten thousands digit of 8246433?
4
What is the hundred thousands digit of 3788203?
7
What is the thousands digit of 60685?
0
What is the thousands digit of 5349473?
9
What is the millions digit of 2450873?
2
What is the tens digit of 274877?
7
What is the thousands digit of 2205105?
5
What is the thousands digit of 20878153?
8
What is the hundreds digit of 1355787?
7
What is the thousands digit of 278161?
8
What is the units digit of 1290461?
1
What is the thousands digit of 2053222?
3
What is the ten thousands digit of 39843?
3
What is the tens digit of 9193882?
8
What is the hundreds digit of 7638624?
6
What is the thousands digit of 2129100?
9
What is the ten thousands digit of 922454?
2
What is the millions digit of 4451498?
4
What is the hundreds digit of 475106?
1
What is the hundred thousands digit of 133619?
1
What is the hundreds digit of 2474033?
0
What is the hundreds digit of 283630?
6
What is the ten thousands digit of 241555?
4
What is the hundreds digit of 684118?
1
What is the tens digit of 414590?
9
What is the thousands digit of 378651?
8
What is the ten thousands digit of 20660514?
6
What is the ten thousands digit of 1994096?
9
What is the millions digit of 1420416?
1
What is the ten thousands digit of 25378?
2
What is the hundreds digit of 3368362?
3
What is the units digit of 329332?
2
What is the tens digit of 121084?
8
What is the tens digit of 40686?
8
What is the hundred thousands digit of 14146330?
1
What is the units digit of 932827?
7
What is the hundred thousands digit of 4828523?
8
What is the hundreds digit of 3815529?
5
What is the units digit of 69179?
9
What is the units digit of 10931444?
4
What is the thousands digit of 234177?
4
What is the ten thousands digit of 15090965?
9
What is the hundreds digit of 14082971?
9
What is the ten thousands digit of 13416811?
1
What is the ten millions digit of 10427836?
1
What is the tens digit of 432095?
9
What is the tens digit of 1751928?
2
What is the thousands digit of 1250631?
0
What is the millions digit of 29090786?
9
What is the millions digit of 4525745?
4
What is the tens digit of 9136043?
4
What is the tens digit of 6620338?
3
What is the millions digit of 4772703?
4
What is the units digit of 75273?
3
What is the ten thousands digit of 248665?
4
What is the ten millions digit of 25739941?
2
What is the ten thousands digit of 66852?
6
What is the ten thousands digit of 94880?
9
What is the tens digit of 1708018?
1
What is the units digit of 5348527?
7
What is the millions digit of 13570368?
3
What is the tens digit of 26223313?
1
What is the hundreds digit of 171456?
4
What is the ten thousands digit of 6017808?
1
What is the millions digit of 2071458?
2
What is the units digit of 5845438?
8
Wh